mber?
False
Is 3877805219 a composite number?
False
Is 6664502939 a prime number?
True
Is 7562042821 a prime number?
False
Is 33597475519 composite?
True
Is 181026047563 a prime number?
False
Is 411391205 prime?
False
Is 603199321 a prime number?
False
Is 7301262299 prime?
True
Is 93754913 a prime number?
False
Is 882955363 prime?
True
Is 9090220721 composite?
False
Is 1643472863 prime?
True
Is 11792134829 a prime number?
True
Is 3813845971 composite?
True
Is 38146733 prime?
True
Is 15461969 a composite number?
True
Is 1656295283 prime?
False
Is 171864535 a composite number?
True
Is 3881045239 composite?
True
Is 26509368413 composite?
True
Is 35064749 composite?
False
Is 63739901 composite?
True
Is 1083063469 prime?
True
Is 3890039147 a prime number?
True
Is 12201309595 a composite number?
True
Is 130611427171 composite?
False
Is 65056782083 composite?
False
Is 45547048471 a composite number?
True
Is 38402747 a prime number?
False
Is 143219309 a composite number?
True
Is 145798299697 a composite number?
False
Is 2479455221 a composite number?
False
Is 8169855439 composite?
True
Is 2749029653 composite?
False
Is 136988800177 a prime number?
True
Is 3651305083 composite?
False
Is 66788369 a composite number?
False
Is 16284898463 prime?
False
Is 137064660665 composite?
True
Is 57557911469 a prime number?
True
Is 40526229211 prime?
False
Is 19701592483 composite?
True
Is 1142286893 prime?
False
Is 16600623439 prime?
False
Is 316826725277 a composite number?
False
Is 713171077 a composite number?
False
Is 733379191 a prime number?
True
Is 1118177111 composite?
True
Is 27159418147 a composite number?
True
Is 1016158809 a prime number?
False
Is 1174765373 a composite number?
False
Is 251088585217 a composite number?
True
Is 815828567 composite?
True
Is 4716143633 a prime number?
True
Is 3480180487 prime?
False
Is 24594483511 composite?
True
Is 48838617881 prime?
True
Is 27484141037 prime?
False
Is 12357717461 a composite number?
False
Is 47494360261 prime?
True
Is 1168997009 a prime number?
True
Is 793741043 prime?
True
Is 16355461591 prime?
False
Is 3210470633 a prime number?
True
Is 34602882599 a composite number?
True
Is 251791543 prime?
False
Is 299584713667 composite?
False
Is 12699630623 a prime number?
False
Is 3560780089 a prime number?
True
Is 4923416197 prime?
False
Is 7867204031 composite?
True
Is 1548478231 a prime number?
False
Is 92646126137 prime?
False
Is 2128812869 a composite number?
False
Is 2975437919 a prime number?
False
Is 1378674161 a composite number?
False
Is 30067571087 a prime number?
True
Is 127011077 prime?
True
Is 178389487 composite?
True
Is 278540813 composite?
False
Is 63157261709 a prime number?
True
Is 27227848701 a composite number?
True
Is 1454583499 a prime number?
False
Is 901998523 prime?
False
Is 57152331913 a prime number?
True
Is 27426883361 a prime number?
True
Is 31873417435 a composite number?
True
Is 3711381431 a composite number?
False
Is 29564181838 composite?
True
Is 5028282383 prime?
True
Is 1504827553 a prime number?
True
Is 19712217463 composite?
True
Is 2736464051 a prime number?
True
Is 648938921 a prime number?
True
Is 15060456395 prime?
False
Is 149276158 composite?
True
Is 9408517 prime?
True
Is 1221119293 prime?
True
Is 7512781633 a composite number?
True
Is 4194763691 composite?
True
Is 1294067015 prime?
False
Is 79009121 a composite number?
True
Is 102642958043 a composite number?
True
Is 112038872903 a composite number?
False
Is 993794309 prime?
False
Is 3021073291 composite?
True
Is 589131622 prime?
False
Is 2058462097 a prime number?
True
Is 101125946 prime?
False
Is 331697719 prime?
True
Is 458418713 a composite number?
True
Is 1118916133 a prime number?
True
Is 77080091069 composite?
True
Is 1968738293 a prime number?
False
Is 302906774 a prime number?
False
Is 10050194879 a composite number?
False
Is 3792866899 a prime number?
True
Is 83501794671 a prime number?
False
Is 7528131353 a prime number?
True
Is 1928764777 a composite number?
False
Is 894494917 prime?
True
Is 261705269 composite?
True
Is 3409192039 a composite number?
True
Is 767073767 a composite number?
False
Is 159643340209 a composite number?
True
Is 44690791 a composite number?
True
Is 5269984147 a prime number?
True
Is 2544108365 a composite number?
True
Is 1507648153 a composite number?
True
Is 41192803661 a prime number?
True
Is 10685184149 a prime number?
False
Is 151379410933 composite?
False
Is 25219024673 a composite number?
True
Is 464727754 prime?
False
Is 3944592143 a composite number?
True
Is 6120615071 a composite number?
True
Is 20989349 prime?
True
Is 418018631 a composite number?
False
Is 9972046529 a prime number?
False
Is 31994552489 a composite number?
True
Is 22660876691 a composite number?
True
Is 62830387489 prime?
True
Is 55366577401 composite?
False
Is 5380335671 a prime number?
True
Is 89085765359 a prime number?
True
Is 2647653181 a prime number?
False
Is 200039971 prime?
True
Is 7949809651 composite?
True
Is 220388941 a prime number?
True
Is 3565605983 prime?
True
Is 10423661921 prime?
True
Is 40591063119 composite?
True
Is 8444033957 a composite number?
True
Is 40132963757 prime?
True
Is 400509481 a composite number?
False
Is 8629951397 composite?
False
Is 7164748831 prime?
True
Is 1437195295 prime?
False
Is 2841983801 a prime number?
False
Is 137285160617 prime?
False
Is 23495169535 prime?
False
Is 360711535 a prime number?
False
Is 1282581103 composite?
False
Is 8567021513 prime?
True
Is 8690688991 a prime number?
True
Is 6226011271 a composite number?
True
Is 16358186261 prime?
True
Is 70527533 a composite number?
False
Is 7260398195 composite?
True
Is 1590041459 a prime number?
False
Is 933328789 prime?
False
Is 479209295 a prime number?
False
Is 76812493 a composite number?
False
Is 11981354603 a prime number?
False
Is 12767495269 a composite number?
True
Is 1595882578 prime?
False
Is 3420191771 prime?
True
Is 2200181743 composite?
False
Is 6764490367 a composite number?
False
Is 74316637 prime?
True
Is 13615695371 composite?
True
Is 29039397313 composite?
False
Is 1029098219 composite?
False
Is 52607121467 composite?
False
Is 346915669 prime?
True
Is 145911208507 composite?
True
Is 17353152881 a prime number?
False
Is 2478869651 a prime number?
True
Is 7587999037 a prime number?
False
Is 3147980203 prime?
True
Is 363277973 prime?
False
Is 2255793779 prime?
True
Is 7277480291 prime?
False
Is 39214576963 prime?
True
Is 2151062729 a prime number?
True
Is 28840166 prime?
False
Is 220185937 prime?
True
Is 2910832387 a composite number?
True
Is 884712293 prime?
False
Is 87060461623 a composite number?
False
Is 39891235 composite?
True
Is 716625473 composite?
False
Is 973322627 a prime number?
False
Is 1234459271 a composite number?
True
Is 71948994531 prime?
False
Is 1803255829 a composite number?
False
Is 103339681 composite?
False
Is 70325364151 a prime number?
False
Is 20822789887 a composite number?
False
Is 759788591 a prime number?
False
Is 47456525743 composite?
True
Is 21954460259 a prime number?
True
Is 280697551 composite?
False
Is 137623595 prime?
False
Is 12813438091 a composite number?
False
Is 354420293 a prime number?
False
Is 53832391 a composite number?
False
Is 1074165523 prime?
True
Is 4032990337 composite?
True
Is 9631361279 composite?
False
Is 38154525049 composite?
False
Is 348155519 a prime number?
False
Is 5134551083 composite?
True
Is 4295891 prime?
False
Is 37581489083 composite?
False
Is 252547643 a composite number?
True
Is 10788603587 a prime number?
True
Is 15110933143 a prime number?
False
Is 30879337219 prime?
False
Is 80118505013 a composite number?
False
Is 44264284849 composite?
True
Is 564397541 a composite number?
False
Is 726061049 a prime number?
False
Is 17157977119 composite?
False
Is 31388126177 prime?
True
Is 963522089 composite?
False
Is 14435415299 a prime number?
False
Is 7529465371 composite?
True
Is 182990694547 a prime number?
True
Is 157622711 composite?
True
Is 429339895 composite?
True
Is 74185293863 prime?
True
Is 155658546991 prime?
True
Is 952772971 a prime number?
True
Is 7899993107 composite?
False
Is 199444071019 a composite number?
True
Is 39240068617 prime?
True
Is 27965707667 composite?
False
Is 151226689 a composite number?
Tr